3*k + 2546. Calculate c(31).
4
Let u(l) = -l**2 + 25*l + 609. Give u(40).
9
Let c(n) = n**2 + 47*n + 299. Determine c(-45).
209
Let d(b) = -b**3 - 9*b**2 + 106*b - 11. Calculate d(7).
-53
Let c(a) = -115*a + 477. What is c(4)?
17
Let n(c) = -3*c**3 + 540*c**2 + 545*c - 390. Calculate n(181).
-28
Let t(n) = -266*n + 361. Calculate t(3).
-437
Let r(a) = 3*a**2 - 54*a + 48. Give r(1).
-3
Let z(j) = -2*j**3 - 14*j**2 + 4*j - 7. Calculate z(-7).
-35
Let a(r) = -r**2 - 239*r - 4566. What is a(-218)?
12
Let n(a) = -5*a**2 + 428*a + 5540. Determine n(97).
11
Let i(w) = -77*w - 6225. Give i(-82).
89
Let l(o) = 24*o + 200. What is l(-9)?
-16
Let h(a) = -a**3 + 135*a**2 - 542*a + 2348. Give h(131).
-10
Let y(j) = j**3 - 2*j**2 - 24*j + 41. Determine y(8).
233
Let f(v) = 5*v + 133. Determine f(-14).
63
Let x(i) = -i**3 - 46*i**2 + 141*i - 84. What is x(2)?
6
Let n(m) = -m**2 + 5*m - 91. Calculate n(-8).
-195
Let b(u) = 123*u - 797. Determine b(9).
310
Let m(g) = -22*g**2 - 2*g - 22. Determine m(-4).
-366
Let g(k) = 11*k - 40. Calculate g(4).
4
Let a(q) = -2*q**3 - 7*q**2 - 14*q + 84. Calculate a(-8).
772
Let x(l) = 2*l**2 + 7*l - 35. Determine x(5).
50
Let b(l) = 33*l - 11. Determine b(3).
88
Let j(n) = -163*n + 57. What is j(3)?
-432
Let m(j) = -2*j - 14. Calculate m(39).
-92
Let d(p) = -p**3 + 10*p**2 + 82*p - 362. Calculate d(14).
2
Let c(i) = i**2 + 10*i + 9. Calculate c(-4).
-15
Let s(i) = i**2 + 43*i + 233. Give s(-38).
43
Let o(h) = 208*h**2 + 14*h + 14. Calculate o(-1).
208
Let z(p) = 5*p**3 - 179*p**2 - 223*p + 35. Determine z(37).
-2
Let h(d) = -d**2 + 63*d + 396. Determine h(-6).
-18
Let t(o) = -9*o - 112. Calculate t(-32).
176
Let t(w) = 517*w - 9816. What is t(19)?
7
Let t(b) = b**3 + 14*b**2 + 4*b - 319. Calculate t(-7).
-4
Let n(l) = -l**2 + 49*l - 607. Determine n(28).
-19
Let q(z) = -z**2 + 110*z + 937. Determine q(-8).
-7
Let m(g) = -16*g - 485. Give m(-24).
-101
Let s(p) = -11*p**3 + 75*p**2 - p + 52. Determine s(7).
-53
Let h(w) = -w**3 - 76*w**2 - 79*w - 306. Calculate h(-75).
-6
Let g(y) = -y**3 - 6*y**2 + 11*y + 13. Calculate g(-7).
-15
Let g(o) = -3*o**2 + 25*o + 19. Determine g(9).
1
Let u(f) = -f**2 + 48*f - 214. What is u(47)?
-167
Let q(s) = -4*s**3 + 3*s**2 + 2. Determine q(3).
-79
Let c(f) = -f**3 - 27*f**2 - 57*f - 9. Calculate c(-2).
5
Let u(j) = 666*j + 3992. Give u(-6).
-4
Let y(w) = 200*w - 98207. Determine y(491).
-7
Let c(u) = -u**3 - 7*u**2 - 89*u - 1144. Give c(-10).
46
Let p(i) = 3*i**3 + 290*i**2 - 93*i + 379. Give p(-97).
-9
Let o(b) = b**3 - 9*b**2 - 3*b + 112. What is o(5)?
-3
Let o(m) = m**2 + 497*m - 29752. Determine o(54).
2
Let m(l) = 708*l + 35400. Give m(-50).
0
Let k(x) = -35*x - 638. What is k(-20)?
62
Let j(y) = -32*y**2 + 58*y - 2. Determine j(2).
-14
Let a(r) = -196*r + 9362. What is a(48)?
-46
Let z(h) = h**2 + 191*h + 6631. Calculate z(-145).
-39
Let k(c) = -12*c + 130. What is k(7)?
46
Let q(j) = -j**2 + 10*j + 92. Determine q(13).
53
Let z(h) = -15*h**3 + 6*h**2 - 3*h + 11. Calculate z(2).
-91
Let z(x) = x**2 + 21*x - 115. Determine z(-17).
-183
Let n(s) = -18*s**3 + 6*s**2 - 5*s. Give n(3).
-447
Let s(z) = -z**3 + 8*z**2 - 15*z + 6. Give s(7).
-50
Let k(z) = z**2 - 43*z - 48. Give k(40).
-168
Let a(y) = -3*y**3 + 16*y**2 - 140*y + 526. Give a(4).
30
Let r(i) = i**3 + 88*i**2 + 253*i - 176. Give r(-85).
-6
Let r(o) = o**2 - 13*o + 276. Determine r(15).
306
Let g(v) = 2*v**2 - 1. Determine g(-1).
1
Let h(l) = 5*l**2 + 1437*l - 857. What is h(-288)?
7
Let w(a) = -a**3 - 33*a**2 - 34*a - 57. Give w(-32).
7
Let w(h) = -2*h**2 - 248*h + 2392. Give w(-133).
-2
Let p(i) = 2*i**3 - 29*i**2 - 14*i + 267. Determine p(14).
-125
Let w(h) = -h**2 - 51*h - 322. What is w(-43)?
22
Let m(z) = -2*z**3 + 8*z**2 + 11*z + 18. Determine m(7).
-199
Let i(d) = 2*d - 142. Calculate i(18).
-106
Let p(w) = 101*w + 1107. Give p(-13).
-206
Let c(z) = 50*z - 290. Give c(6).
10
Let d(k) = -k**3 - 34*k**2 - 281*k + 73. Calculate d(-19).
-3
Let a(d) = 43*d - 3529. Give a(82).
-3
Let y(a) = a**2 - 443*a + 9262. What is y(22)?
0
Let c(t) = 58*t**2 - 644*t + 86. What is c(11)?
20
Let h(w) = -2*w**3 - 4*w**2 - 7*w + 5. Give h(-3).
44
Let m(s) = -56*s + 8559. What is m(151)?
103
Let n(t) = 25*t - 283. Give n(11).
-8
Let x(d) = -545*d**3 - 4*d**2 + d + 2. Give x(1).
-546
Let t(o) = -o**3 + 15*o**2 + 46*o - 62. Give t(1).
-2
Let t(z) = -z**3 - 38*z**2 + 165*z - 97. What is t(-42)?
29
Let k(p) = 15*p + 663. Calculate k(-41).
48
Let u(m) = -4*m**3 - 22*m**2 + 83*m - 6. Calculate u(4).
-282
Let j(k) = 1562*k - 12585. Calculate j(8).
-89
Let c(h) = -3*h**2 + 206*h - 2408. Calculate c(15).
7
Let b(m) = 6*m - 196. Calculate b(0).
-196
Let l(w) = w**3 - 6*w**2 - 16*w. Give l(5).
-105
Let m(c) = -1992*c + 19914. Determine m(10).
-6
Let b(f) = -13*f + 593. Calculate b(52).
-83
Let w(r) = 4*r + 84. Give w(-40).
-76
Let p(u) = u**2 + 20*u - 12. Give p(-14).
-96
Let c(v) = v**3 - 4*v**2 + 36*v - 223. What is c(5)?
-18
Let x(b) = -b**3 - 81*b**2 - 242*b - 627. Determine x(-78).
-3
Let s(h) = 49*h**3 + 2*h**2 + 6*h + 3. Give s(-1).
-50
Let h(d) = -d**3 - 12*d**2 + d + 14. Calculate h(-12).
2
Let m(g) = 24*g - 129. Calculate m(5).
-9
Let j(v) = 3*v**3 + 231*v**2 + 6*v + 159. Calculate j(-77).
-303
Let v(m) = 3*m**2 - 8*m + 83. Determine v(9).
254
Let p(k) = -2*k**2 - 63*k - 366. What is p(-6)?
-60
Let y(q) = -58*q + 2136. Calculate y(38).
-68
Let c(t) = -6*t**2 - 126*t - 197. Give c(-19).
31
Let c(k) = 2*k**2 + 403*k - 12073. Determine c(-228).
11
Let t(b) = -b**3 - 40*b**2 - b - 44. Determine t(-40).
-4
Let u(p) = -3*p**3 + 151*p**2 + 327*p - 3478. Determine u(52).
6
Let g(o) = 69*o**2 - 757*o - 20. What is g(11)?
2
Let h(n) = -6*n**3 + 60*n**2 - 128*n + 9. Give h(2).
-55
Let z(f) = -2*f**3 + 14*f**2 - 14*f + 157. What is z(10)?
-583
Let l(q) = 51*q**2 + 336*q + 163. Determine l(-6).
-17
Let s(x) = x**3 + 18*x**2 + 49*x + 403. What is s(-17)?
-141
Let c(u) = -1069*u + 8656. Give c(8).
104
Let d(m) = m**3 - 8*m**2 + 11*m + 1. Calculate d(5).
-19
Let c(l) = -l**2 - 13*l - 4. Determine c(-4).
32
Let j(y) = -2*y**2 + 98*y - 864. What is j(38)?
-28
Let t(v) = -2*v**2 + 49*v + 46. Give t(0).
46
Let s(k) = 4*k**2 + 373*k + 109. Determine s(-93).
16
Let k(b) = b**3 - 133*b**2 + 908*b - 3247. What is k(126)?
29
Let k(i) = -92*i - 1675. What is k(-18)?
-19
Let j(p) = p**3 - 110*p**2 - 816*p - 401. Calculate j(117).
-50
Let m(d) = d**2 - 18*d - 406. Calculate m(30).
-46
Let y(k) = 42*k - 671. Calculate y(15).
-41
Let a(d) = -232*d**3 + 2*d**2 + 2*d + 1. Calculate a(-1).
233
Let w(o) = 321*o + 1607. Give w(-5).
2
Let z(a) = -a**3 + 3*a**2 + 88*a + 24. Give z(11).
24
Let i(f) = -f**3 + 5*f**2 + 7*f - 49. Determine i(8).
-185
Let s(v) = -4073*v + 20375. Give s(5).
10
Let q(w) = -82*w + 12374. Calculate q(151).
-8
Let o(t) = -t**2 + 556*t - 8147. Give o(15).
-32
Let x(y) = 373*y - 1116. Give x(3).
3
Let h(v) = -v**3 - 22*v**2 + 19*v - 114. Give h(-23).
-22
Let b(j) = j**3 - 11*j**2 - 9*j - 80. Give b(13).
141
Let i(a) = 19*a + 73. Calculate i(-6).
-41
Let o(t) = 2017*t - 6. Determine o(0).
-6
Let b(w) = 6*w**2 - 72*w + 200. Determine b(5).
-10
Let v(n) = -100*n**2 - 161*n - 4. What is v(-3)?
-421
Let y(s) = -s**3 + 11*s**2 + 44*s + 23. Determine y(14).
51
Let s(r) = 422*r**2 - 11*r - 9. What is s(-1)?
424
Let f(c) = 2*c**3 - 53*c**2 - 55*c + 888. Calculate f(27).
132
Let n(y) = -3*y**3 - 6*y**2 + 135*y - 128. Determine n(1).
-2
Let u(o) = o**3 - 37*o**2 - 28*o - 382. Determine u(38).
-2
Let b(q) = 372*q - 2983. Calculate b(8).
-7
Let h(y) = y**3 - 17*y**2 - 39*y + 62. Give h(18).
-316
Let t(v) = -15*v + 159. Calculate t(10).
9
Let s(z) = -3*z**2 - 25*z - 274. Determine s(-15).
-574
Let m(t) = -5*t - 132. Calculate m(-12).
-72
Let g(d) = -d**3 - d + 76. Give g(0).
76
Let d(q) = q**3 + 23*q**2 + 95*q + 142. Give d(-17).
261
Let i(m) = -35*m - 1524. Calculate i(-44).
16
Let v(x) = -x**3 - 33*x**2 - 5*x - 9. Calculate v(-33).
156
Let j(l) = -3*l**3 - 9*l**2 + 21*l + 4. What is j(-4)?
-32
Let x(v) = 833*v + 2507. Determine x(-3).
8
Let m(p) = -75*p + 51. What is m(2)?
-99
Let x(z) = -4*z**3 - 62*z**2 + 42*z - 65. Calculate x(-16).
-225
Let m(i) = -4*i**2 + 102*i - 20. What is m(21)?
358
Let a(p) = 3*p**3 + p**2 - p + 43. Give a(0).
43
Let r(b) = 11*b**2 - 147*b - 